- 82. What is the tens digit of v(10)?
8
Let o(v) = 154*v**3 - 3*v**2 + v + 2. What is the hundreds digit of o(1)?
1
Suppose -n = 28*n + 3*n - 248640. What is the units digit of n?
0
Let j = 1 - -1. Suppose -5*u - j*s = -1168, -3*s - 1022 = -4*u - 83. What is the hundreds digit of u?
2
Let v = 493 - 338. Suppose -v - 77 = -2*m. Let h = 230 - m. What is the units digit of h?
4
Let z = 4780 + -2659. What is the thousands digit of z?
2
Suppose -3*i = -5*i - 4*d - 288, -3*i - 428 = 2*d. Let l = 95 + i. Let o = -10 - l. What is the units digit of o?
7
Suppose 0 = 7*o - 19*o + 48. What is the units digit of (-3)/((-66)/o) - (-238)/22?
1
Suppose 7*z + 47 = 33. What is the hundreds digit of (-925)/z*(-76)/(-95)?
3
Suppose 0 = -19*b - 408 + 3733. Let h = -89 + b. What is the units digit of h?
6
Let u be (88/(-28))/11 + (-86)/(-7). Suppose u = -0*j + 3*j. Suppose -3*g + 627 = o, -591 - 447 = -5*g - j*o. What is the units digit of g?
0
Let c(d) = -d**2 - 13*d - 14. Let x be c(-5). Let g be (-1 + -9)*(-39)/x. Suppose -246 = -g*y + 9*y. What is the tens digit of y?
4
Let g = 81 + -41. Let w be -4*(-4)/(g/1605). Let r = -408 + w. What is the tens digit of r?
3
Let m(n) = 2*n - 20. Let w be m(12). Suppose 0 = -3*j + w + 41. What is the tens digit of -10*(-2)/(j/3 + -3)?
1
What is the ten thousands digit of (((-1219788)/15)/(-6))/(7/(70/4))?
3
Let t = -662 - -657. Let c(o) be the second derivative of -o**5/20 - o**4/6 + 7*o**3/6 + 7*o**2/2 + o. What is the tens digit of c(t)?
4
Let m(v) = -2*v**2 - v + 1. Let u(o) = 3*o**2 + 24*o + 135. Let w(y) = -2*m(y) - u(y). What is the tens digit of w(-20)?
0
Suppose -2146 = 11*k - 7228. Suppose 2*o = 0, 14*g + 5*o = 13*g + k. What is the tens digit of g?
6
Let w(l) = 15*l + 81. Let p(h) = -45*h - 241. Let v(n) = 3*p(n) + 8*w(n). What is the units digit of v(-11)?
0
Let u be -50 + 2 + 1*(2 + 0). Let s = u + 47. What is the units digit of (s + 0)/(14/1134)?
1
Let k = 21959 - 8810. What is the ten thousands digit of k?
1
Let q be (-71)/(-142) + 6/4*-1. What is the hundreds digit of 141 + 2 + (-1 - 3) - q?
1
Suppose -4*d + p = -18, -2*p = -3*d + 4*d. Let w(z) = 5*z**3 + 5 - 1622*z**2 + 1630*z**2 - 11*z - 6*z**3. What is the tens digit of w(d)?
2
Let f = -3575 - -12599. What is the tens digit of f?
2
Let n(j) = -j + 24. Let y be n(22). Suppose u = -y*q + 4, -4*q + 4*u + 10 = 5*u. Suppose 3*t + 59 = 4*t - 5*z, 2*z = -q*t + 92. What is the units digit of t?
4
What is the thousands digit of (3 + 18/(-12))*-15*1668/(-18)?
2
Suppose 17*u + 4*g - 3*g = 32538, -4*g = -g. What is the units digit of u?
4
What is the thousands digit of 14360/18*(-585)/(-130)?
3
Suppose 5*x + 4*i = 24, 4 = -2*x - 5*i + 17. Suppose x*o + 555 = 5307. What is the tens digit of o?
8
Suppose 5*w - 1016 = 3*k, 4*k - 7*k - 1066 = 5*w. Let m = k - -824. What is the tens digit of m?
7
Suppose 0 = -41*o + 846 + 589. Let j = -792 + 178. What is the tens digit of 10/o - j/7?
8
Let w(b) be the second derivative of -31*b**5/120 - 5*b**4/4 - 13*b**3/2 + 22*b. Let h(n) be the second derivative of w(n). What is the units digit of h(-3)?
3
Let n = 80 - 56. Suppose -6*h + n = -12. Suppose 770 = h*m + m. What is the hundreds digit of m?
1
Suppose 2*q = 16 + 26. Suppose -3*k = 15 - q. Suppose -k*v = 8, y - 12 = 2*v + 17. What is the tens digit of y?
2
Let l be 6/(-18)*(-1 - 11). Suppose 0 = -2*g + l*g - 500. Suppose -2*b + 3*r = -g, -3*r - r + 341 = 3*b. What is the hundreds digit of b?
1
Let s(a) = -2*a - 25. Let l(f) = f**2 + 22*f + 7. Let g be l(-21). Let c be s(g). Suppose -c*w = -113 - 145. What is the tens digit of w?
8
Suppose -5*h + 2*o + 6226 + 8459 = 0, 2*o + 2945 = h. Suppose 7*z - h = 110. What is the hundreds digit of z?
4
Let m(n) be the third derivative of -n**6/120 - 13*n**5/60 - n**4/24 + 4*n**3/3 + 24*n**2 + 2*n. What is the tens digit of m(-15)?
7
Let b = 601 + 11156. What is the units digit of b?
7
Let f(t) be the second derivative of -t**3/6 + 2*t**2 - 15*t. Let c be f(0). Suppose -i = -3*h - 18 - 95, -5*i = -c*h - 554. What is the tens digit of i?
1
Let w(f) = f**3 + 31*f**2 + 3*f + 83. Let c be w(-31). What is the tens digit of ((-124)/c)/((-10)/(-600))?
4
Suppose -2*g + 4*m = -525 + 163, 4*g + 3*m = 691. Let k(h) = -h**3 - h**2 + h + 4. Let y be k(-5). Let v = g - y. What is the tens digit of v?
7
Let q(k) = -k**3 - 3*k**2 + 3*k - 1. Let a be q(-4). Let v be (11/a - 7/(-21))/2. What is the units digit of 3 - ((-55)/(-15))/(v/(-72))?
5
Suppose -2932 = -18*n - 160. Suppose -23*h + 473 = 3*f - 24*h, 4*h + n = f. What is the tens digit of f?
5
Let u(x) = 5*x**2 + 11*x + 61. Let b(d) = 2*d**2 + 5*d + 30. Let g(o) = -9*b(o) + 4*u(o). Let i be 128/(-24)*(-18)/8. What is the hundreds digit of g(i)?
2
Let v(z) = -4*z**2 - 15*z + 7. Let i be v(-4). What is the tens digit of 54 - ((-2)/(-7))/(i/(-21))?
5
Suppose p = -3*s + 12295, 230*s = 227*s - 15. What is the hundreds digit of p?
3
Suppose -4*t + 3*t - 2*h + 7 = 0, 5*t + 5*h = 25. Let k be ((-21)/(-28))/(t/36). Suppose -k*u + 449 = 143. What is the tens digit of u?
3
What is the thousands digit of -8*(-14434)/56 + -15?
2
Let o be -8*(-4)/240 - 26/(-30). Suppose -3*k + 10 - o = 0, -k - 61 = -2*t. Suppose -d + t = d. What is the units digit of d?
6
Suppose 21834946 + 3112133 = 624*p - 8638473. What is the units digit of p?
3
Let s = 40274 - 25960. Suppose -9*z - 1894 + s = 0. What is the tens digit of z?
8
What is the hundreds digit of (-964)/2169 + (-462073)/(-9)?
3
Let m(b) = b**2 - 16*b + 898. What is the hundreds digit of m(84)?
6
Let c = -41439 + 69550. What is the thousands digit of c?
8
Let a = -4987 - -4941. Suppose v + 301 = -4*m, -6*m + v - 365 = -m. Let n = a - m. What is the units digit of n?
8
Let s(w) = w**3 - 73*w**2 + 221*w + 839. What is the ten thousands digit of s(78)?
4
Let k = 633 - 249. Let u = 244 - k. Let o = -92 - u. What is the units digit of o?
8
What is the thousands digit of 10893/(-13 - 140/(-10))?
0
Suppose -3*o = -4*x - 12 - 4, 0 = -5*x - 5. Suppose -o*f + 8380 = 3164. What is the thousands digit of f?
1
What is the units digit of (-4)/14 - (-4139760)/987?
4
Let t(c) = c**2 + 3*c. Let g be t(-4). Suppose -f + 202 = 3*z, -g*z + 143 = 3*f - 468. Let m = f + -115. What is the tens digit of m?
9
Let c(u) = -4*u**3 - 3*u**2 - 11*u - 2. Let x be c(-3). Let b = 43 + x. What is the units digit of b?
5
Suppose 0 = -39*r + 57 + 60. Suppose r*a + 68 = 2528. What is the hundreds digit of a?
8
Let x(o) = 928*o - 27. What is the hundreds digit of x(14)?
9
Suppose -3*s = -3*x - 63, -8*x + 5*x = 0. Suppose -s*p + 2736 = -3*p. What is the hundreds digit of p?
1
Let v = -171 + 251. Suppose 0 = -284*f + 65*f + 15768. Suppose -v = -j + f. What is the hundreds digit of j?
1
Let r = -346 + 354. What is the tens digit of -7 + -1 + r + 1664?
6
Let b(v) = -v**2 + 12*v + 52. Let c be 6/33 + 141/11. Let i be b(c). Let a = i - -147. What is the hundreds digit of a?
1
Let y(o) be the first derivative of o**5/120 + 13*o**4/12 + 7*o**3/3 - 18. Let f(p) be the third derivative of y(p). What is the tens digit of f(-16)?
1
Suppose -11*b = -18935 - 34965. What is the tens digit of b?
0
Let n be 2/7*-4 - (-6)/42. Let v(p) = 3*p**2 + 6*p + 5. Let b be v(n). Suppose -4*d + o = -271, 2*d - 235 = -b*o - 87. What is the tens digit of d?
6
Suppose q + 2*q = 108. Let j(s) = -44*s + 63. Let t be j(2). Let i = t + q. What is the tens digit of i?
1
Suppose 3*w - 115 - 101 = 0. Suppose 3132 = w*o - 68*o. What is the tens digit of o?
8
Let h be (15/6 + -3)*-1072. Let j be (-2 - 2)/2 - -7. Suppose -5 = -j*d, d = -4*q - q + h. What is the hundreds digit of q?
1
What is the tens digit of (-1158)/(-965) + (-12314)/(-5)?
6
Let g(f) = -254*f - 63. Let v be g(-9). Suppose -7*m + v - 914 = 0. What is the tens digit of m?
8
What is the units digit of (1075 - (2 + -3))*660/80?
7
Suppose -5*x + c = -6395, -2*x + 2576 = 5*c - 9*c. Suppose 0 = 9*o - 0*o - x. What is the tens digit of o?
4
Let p = 23572 + 33924. What is the units digit of p?
6
Let a(f) be the third derivative of 0*f + 1/2*f**3 + 0 - 1/60*f**5 - 1/3*f**4 - 3*f**2. What is the tens digit of a(-7)?
1
Let q = 5 + -1. Suppose 3*d = -20 - q. What is the tens digit of (-141)/(-6) + (-4)/d?
2
Suppose -2*p - 5*o = -10*o - 37, 0 = 5*o + 15. Suppose -8*l = -p*l + 9. Suppose -24